4263325?
False
Is 5 a factor of 2314680?
True
Is 149 a factor of 885358?
True
Is 43194296 a multiple of 381?
False
Does 563 divide 21205958?
True
Is 1814 a factor of 20293218?
True
Is 33 a factor of 263383809?
False
Is 4166801151 a multiple of 7?
False
Is 57825131 a multiple of 55?
False
Is 91 a factor of 109688688?
False
Does 1517 divide 45750221?
False
Is 310 a factor of 86596330?
True
Does 2 divide 18011448?
True
Is 47245988 a multiple of 25?
False
Does 4 divide 24560720?
True
Is 355 a factor of 284251568?
False
Is 567239160 a multiple of 10?
True
Is 34717721 a multiple of 37?
False
Is 13 a factor of 43254445?
True
Is 59948253 even?
False
Does 477 divide 562642965?
True
Is 974970826 a multiple of 345?
False
Is 1886171140 a multiple of 2260?
True
Is 1044 a factor of 13789152?
True
Is 244 a factor of 3359249016?
True
Is 1426 a factor of 137225812?
False
Does 700 divide 110297600?
True
Does 232 divide 555204304?
True
Is 9 a factor of 259442540?
False
Is 10751799 a multiple of 28?
False
Is 77830390 a multiple of 506?
True
Does 5 divide 464129353?
False
Is 38 a factor of 260117039?
False
Does 22 divide 28849744?
True
Does 8 divide 70997484?
False
Is 644 a factor of 15105020?
True
Is 11660170 a multiple of 10?
True
Is 130703898 a multiple of 706?
True
Does 10 divide 30806063?
False
Is 55 a factor of 85176412?
False
Is 455 a factor of 47732841?
False
Is 564 a factor of 47067300?
False
Is 217677376 a multiple of 19?
True
Does 717 divide 74884914?
True
Is 5 a factor of 27641775?
True
Does 93 divide 10587016?
False
Is 456723370 a multiple of 74?
False
Is 5 a factor of 18765671?
False
Is 327 a factor of 65917852?
False
Does 1231 divide 771263354?
True
Is 27 a factor of 409643247?
False
Does 34 divide 530507508?
True
Does 484 divide 61157847?
False
Is 90 a factor of 35020890?
True
Is 1710058608 a multiple of 144?
True
Is 71571447 a multiple of 3663?
False
Is 414180426 a multiple of 509?
True
Is 26380116 a multiple of 36?
True
Is 14 a factor of 6306188?
True
Does 19 divide 20224968?
True
Is 554 a factor of 33566860?
True
Is 695 a factor of 1670021060?
True
Does 3422 divide 990939338?
True
Does 4 divide 898297566?
False
Is 743567581 a multiple of 229?
False
Does 58 divide 118043862?
True
Does 10 divide 401034?
False
Does 9 divide 108552150?
True
Is 691 a factor of 42967254?
False
Is 1170 a factor of 5111730?
True
Is 424 a factor of 79631771?
False
Is 12 a factor of 149066661?
False
Is 160 a factor of 5345344?
False
Is 333894024 a multiple of 72?
True
Does 17 divide 80993389?
True
Does 302 divide 38014250?
True
Does 36 divide 13322644?
False
Does 14 divide 12500632?
False
Is 10 a factor of 201765060?
True
Is 108077381 a multiple of 130?
False
Is 1688901224 a multiple of 293?
True
Is 26 a factor of 64762665?
False
Does 731 divide 106349871?
False
Is 267822438 a multiple of 7?
False
Is 391 a factor of 370692242?
True
Is 1968815686 a multiple of 23?
True
Is 87 a factor of 938559663?
False
Does 15 divide 48017970?
True
Is 104 a factor of 137058168?
True
Is 754 a factor of 846406470?
True
Is 113435138 a multiple of 353?
True
Is 64325041 a multiple of 21?
False
Does 91 divide 1592160506?
False
Is 392340392 a multiple of 456?
False
Is 143565777 a multiple of 7?
False
Is 6879486718 a multiple of 169?
True
Does 101 divide 265662870?
False
Does 705 divide 660736602?
False
Is 32 a factor of 110569717?
False
Is 13393 a factor of 2372344649?
False
Is 12939104 a multiple of 928?
True
Does 2099 divide 375187252?
False
Does 700 divide 1437488500?
True
Is 76 a factor of 460652270?
False
Does 290 divide 92932421?
False
Does 1719 divide 179371821?
False
Does 3 divide 48142874?
False
Is 14 a factor of 72872555?
False
Does 8 divide 58532918?
False
Does 52 divide 117617725?
False
Does 4 divide 19325328?
True
Is 1566 a factor of 29232522?
True
Is 149 a factor of 75204238?
False
Does 11 divide 104315305?
False
Does 244 divide 387369886?
False
Is 57249798 a multiple of 2202?
True
Is 59236944 a multiple of 15?
False
Does 972 divide 18816047?
False
Is 23 a factor of 30966257?
True
Does 551 divide 444868351?
False
Does 589 divide 35773504?
True
Is 400473490 a multiple of 344?
False
Does 621 divide 1512495?
False
Is 46 a factor of 200774820?
True
Is 94 a factor of 73345286?
True
Is 180 a factor of 44919180?
True
Is 32449035 a multiple of 141?
True
Is 301 a factor of 23229976?
True
Does 308 divide 2435397580?
True
Is 10099604 a multiple of 11?
False
Is 138 a factor of 10334682?
True
Does 327 divide 628490730?
True
Is 32811063 a multiple of 718?
False
Is 92894888 a multiple of 116?
True
Does 31 divide 331594507?
True
Is 1106 a factor of 67303418?
True
Is 10 a factor of 2636362?
False
Is 403715676 a multiple of 4475?
False
Is 578271595 a multiple of 30?
False
Is 20 a factor of 214244612?
False
Is 54 a factor of 44662536?
True
Is 68772102 a multiple of 3199?
True
Is 65967420 a multiple of 30?
True
Does 2 divide 10659659?
False
Does 2133 divide 1683047916?
True
Is 370 a factor of 58112200?
True
Is 36 a factor of 2158660?
False
Is 405 a factor of 1047068080?
False
Is 70215629 a multiple of 306?
False
Is 36 a factor of 1244360916?
True
Is 2693 a factor of 438237104?
False
Is 4154287 a multiple of 4?
False
Is 241735210 a multiple of 2?
True
Is 38376876 a multiple of 28?
False
Does 32 divide 1022131648?
True
Is 236866695 a multiple of 136?
False
Is 1725894 a multiple of 93?
True
Does 45 divide 183337576?
False
Does 4 divide 541760664?
True
Is 83 a factor of 88425378?
True
Does 33 divide 49082523?
False
Is 18987247 a multiple of 85?
False
Is 5339 a factor of 777657384?
True
Is 1096 a factor of 44507341?
False
Is 1178 a factor of 6011257?
False
Is 378564276 a multiple of 292?
True
Is 4554205273 a multiple of 491?
False
Is 121 a factor of 532944783?
False
Is 303042086 a multiple of 795?
False
Does 105 divide 655870530?
True
Is 327584 a multiple of 10?
False
Is 624778038 a multiple of 1899?
False
Does 17 divide 29021978?
False
Is 196 a factor of 203551810?
False
Is 9 a factor of 17950706?
False
Is 3 a factor of 201840408?
True
Is 34 a factor of 8747112?
True
Is 9429800 a multiple of 20?
True
Is 1432709905 a multiple of 160?
False
Does 2062 divide 22785596?
False
Is 22925679 a multiple of 1879?
True
Does 17 divide 350314206?
True
Is 4509533 a multiple of 701?
True
Is 69482376 a multiple of 58?
True
Is 7567 a factor of 1705681373?
False
Does 1837 divide 764557563?
True
Is 35815895 a multiple of 8?
False
Does 38 divide 62105613?
False
Does 961 divide 159110041?
False
Is 2 a factor of 211877113?
False
Does 733 divide 244333089?
True
Is 3894 a factor of 1100968337?
False
Is 137300366 a multiple of 23?
False
Is 1437076064 a multiple of 8?
True
Is 659497710 a multiple of 123?
True
Is 9 a factor of 61499869?
False
Is 81212910 a multiple of 354?
True
Is 52667301 a multiple of 3?
True
Is 10 a factor of 79069843?
False
Is 87 a factor of 49920793?
False
Does 2 divide 1997180?
True
Is 2071 a factor of 63105441?
True
Is 1498903791 a multiple of 4189?
True
Does 15 divide 315468660?
True
Does 428 divide 28936224?
True
Does 153 divide 4489479?
True
Is 185 a factor of 34621858?
False
Is 81 a factor of 459324999?
True
Does 615 divide 118513988?
False
Is 60 a factor of 33282294?
False
Is 1555503392 a multiple of 9616?
True
Is 8843 a factor of 1334974652?
True
Is 662021451 a multiple of 273?
True
Does 16 divide 29503800?
False
Is 2377 a factor of 76835754?
False
Is 802463 a multiple of 2?
False
Is 17313669 a multiple of 86?
False
Does 1978 divide 666716548?
True
Does 916 divide 224811132?
True
Does 4478 divide 3813061780?
True
Is 18 a factor of 3849166424?
False
Is 60 a factor of 30697920?
True
Is 1547694891 a multiple of 1489?
True
Is 28 a factor of 159560124?
False
Does 3712 divide 1079909888?
True
Is 7 a factor of 310026249?
False
Is 1253976396 even?
True
Is 397073320 a multiple of 35?
True
Is 1820 a factor of 490288341?
False
Does 134 divide 598905292?
False
Is 446685120 a multiple of 1680?
True
Does 281 divide 1056841?
True
Is 179 a factor of 514822385?
False
Is 31 a factor of 4254682142?
False
Is 83877948 a multiple of 462?
True
Is 12 a factor of 7638972?
True
Is 282 a factor of 94538244?
True
Does 5 divide 209042634?
False
Is 438 a factor of 97727436?
True
Does 29 divide 106309099?
True
Does 8 divide 2012